 - -9). Determine y(u).
-21
Let q(r) = -27*r**2 - 12*r - 2. Let m(k) = -5*k**2 - 2*k + 1. Let g(p) = -6*m(p) + q(p). Calculate g(0).
-8
Let z(v) = -v**2 - 2*v + 22. Let o be z(-6). Let t(c) be the first derivative of 5*c**2/2 + 5*c - 263. What is t(o)?
-5
Let x(k) = -8*k - 10. Let m(j) = -2*j**2 - 120*j - 446. Let q be m(-56). Calculate x(q).
-26
Let q(s) = 3*s**3 + s - 2. Suppose 4*j = 5*u - 21, -112*u = -115*u - j - 1. Give q(u).
2
Let y(w) be the second derivative of -5*w**2 + 1/20*w**5 - 1/2*w**3 + 5*w + 2/3*w**4 + 3. Determine y(-8).
14
Let d(n) = -n**3 + n**2 + 5. Let s = 364 + -155. Suppose 206*c = s*c. What is d(c)?
5
Suppose -4*l = c - 32, -3*l + 24 = -9*c + 5*c. Let o(y) = -3*y**2 - 10 - 11*y + 4*y**2 + 4. What is o(l)?
-30
Let h be (-374)/(-198) - ((-40)/(-45) + -1). Let x(d) = -6*d**3 + 3*d**2 - 3*d + 2. What is x(h)?
-40
Suppose -x - 3*i = 4*x + 3, -2*x + 3*i + 3 = 0. Let m = x + 5. Let t(n) be the third derivative of -n**5/60 + n**4/4 + 7*n**3/6 + 5*n**2. Give t(m).
12
Let q(u) be the second derivative of -7*u**3/3 + 894*u. Determine q(-5).
70
Let t(x) = 13*x - 160. Let o(h) = 4*h - 54. Let i(w) = 11*o(w) - 4*t(w). Let g be i(5). Let v(q) = -q**3 + 5*q**2 + 7*q + 4. Give v(g).
10
Let f(g) = 4*g + 2. Let i(c) = c + 8. Suppose -16 = j + 3*m, -10 = 2*m - 2. Let l be i(j). Suppose h = l*o, 4*o - 6*o + 14 = 3*h. Calculate f(h).
18
Let l(n) = 610*n - 221. Let u(o) = -111*o + 44. Let f(d) = -2*l(d) - 11*u(d). Calculate f(27).
-15
Let i(j) = j**3 + 2*j**2 - 4*j - 3. Let x be i(-3). Let r = 152 - 143. Let o(w) = -2*w - 2*w + 8 - 4*w + r*w. Determine o(x).
8
Let t(u) be the third derivative of u**5/15 + u**4/12 + u**3/6 + 3*u**2. Let k(b) = b**2 - 12*b - 190. Let d be k(-9). What is t(d)?
3
Let n(z) be the third derivative of -z**5/30 + 25*z**4/24 - 11*z**3/6 + 3413*z**2. Give n(7).
66
Let j(h) = h**2 - 7*h + 4. Let b(w) = -61*w + 615. Let g be b(10). Determine j(g).
-6
Suppose -2*s + t - 5*t + 64 = 0, 88 = 3*s + 4*t. Suppose -5*d - s + 9 = -3*l, 4*d - 3*l + 15 = 0. Let g(n) = -n**2 - n - 11. Determine g(d).
-11
Let r(d) = -19*d + 1. Let a(v) = 16*v - 1. Let l(w) = 6*a(w) + 5*r(w). Let q(g) = g. Let o be q(-4). Let j be ((-2)/(-5))/(o/40). Give l(j).
-5
Let z(y) = y**3 + 5*y**2 - y + 3. Let c(q) = q**3 + 7*q**2 - 3*q + 20. Let r be c(-8). Let d be -1*4 + (-21 - r). Determine z(d).
8
Let v be (3/2)/3*(-35 + 25). Let y(t) be the third derivative of t**5/24 + 7*t**4/24 + 3*t**3/2 + 9*t**2. Let x(r) be the first derivative of y(r). Give x(v).
-18
Suppose 0 = -3*i + 55 + 53. Suppose -100*b + 91*b = i. Let m(f) = -f**3 - 4*f**2 - 5*f. What is m(b)?
20
Let o be 6288/42 - (-4)/14. Let g = 142 - o. Let q(m) = m. Let a(p) = 5*p + 6. Let z(k) = -a(k) + 4*q(k). Calculate z(g).
2
Let i(j) = 16*j + 213. Suppose 26*o - 713 + 1077 = 0. What is i(o)?
-11
Let o = 5 + -6. Let r(a) be the second derivative of -3*a**5/40 - a**3/3 - 11*a**2 + 4*a + 4. Let w(s) be the second derivative of r(s). Give w(o).
9
Let o(y) be the third derivative of -y**5/60 - 2*y**4/3 - y**3 + 987*y**2. What is o(-16)?
-6
Suppose 0*c + 33*c + 616 = 11*c. Let w(a) = -2*a - 55. Determine w(c).
1
Let n(s) = -10*s - 7. Let j(q) = -3*q + 0 + 0 - 1 - 1. Let c(h) = 7*j(h) - 2*n(h). Let a = -1278 - -1278. Determine c(a).
0
Suppose 0 = -2*m - 41 + 49. Let t(o) = 1. Let b(s) = 3. Let r(n) = b(n) - 2*t(n). Let l(z) = z - 1. Let k(g) = l(g) + r(g). Give k(m).
4
Let l(h) = 24*h**3 - 14*h**2 - 45*h + 5. Let d(w) = -13*w**3 + 7*w**2 + 25*w - 2. Let z(m) = -11*d(m) - 6*l(m). Suppose -4*q = 3*q - 42. Calculate z(q).
-2
Let b(o) = -4*o - 2. Let v(l) = -3*l**2 + 18*l + 24. Let t be v(-6). Let k = 195 + t. What is b(k)?
-14
Let c be 0/(-1) + (-5)/((-5)/156). Let k(w) be the first derivative of -5*w**2 - c*w + 5 + 156*w. Give k(-1).
10
Let a = -7038 - -7033. Let j(c) = -48*c - 249. Give j(a).
-9
Let s(m) be the second derivative of 5*m**3/6 + 2*m**2 - 68*m + 5. Suppose 0 = h - 5*z + 17, -3*h + 0*h - 2*z = 17. Give s(h).
-31
Suppose 5*s - 7 + 2 = 0. Let w(c) be the second derivative of -c**4/6 - c**3/6 + 19*c**2 - 2*c + 22. Let u(z) be the first derivative of w(z). Give u(s).
-5
Let r(p) = -125 - 95 + 6*p + 186 - 5*p. What is r(0)?
-34
Suppose y + 199 = 3*m, 0 = -2*m - 4*y - 87 + 229. Let h = m + -69. Let o(d) = 4*d**2 - 3*d**2 - 2 - 2*d - 4*d**2 - d**3. Give o(h).
-2
Let f(u) be the second derivative of -u**5/20 + 29*u**4/12 + u**3/2 - 21*u**2 - 50*u + 115. Give f(29).
45
Let z(g) = 40*g - 3*g - 6*g - 4*g + 101 - 10*g. Give z(-6).
-1
Let z(g) = 2*g - 2. Let b(l) = 4*l**3 + l**2 + l + 1. Let r be b(-1). Let y(f) = -f + 2. Let q(t) = r*z(t) - 4*y(t). Determine q(-2).
2
Let z(o) = 11*o**2 - 7*o - 41. Let w(a) = 32*a**2 - 22*a - 110. Let k(h) = -3*w(h) + 8*z(h). Determine k(2).
-10
Let y(d) = -d - 5. Let x be 5*(-3)/15*-3. Let i(o) be the third derivative of -o**4/12 - o**3 - 5*o**2 + 40. Let h(b) = x*y(b) - 2*i(b). Calculate h(3).
0
Let g(p) = -3*p**3 - 210*p. Let s(b) = -6*b**3 - 350*b. Let x(c) = 5*g(c) - 3*s(c). Let u(f) = -f + 5. Let v be u(6). Give x(v).
-3
Let d(r) be the second derivative of r**4/6 + 2*r**3/3 + 9*r**2/2 - 1441*r. Determine d(-2).
9
Suppose 5*x = 10 + 5. Let p(j) be the third derivative of j**5/60 - j**4/6 - 2639*j**2 + 1. Let t be p(x). Let w(f) = -2*f - 7. What is w(t)?
-1
Let r(i) = -25*i - 10 + 2*i**2 - 36*i - i**2 + 60*i. Suppose 25 = 2*v - 5*g, 2*v - 20 = v + 4*g. What is r(v)?
-10
Let s(x) = -7*x**2 - 4*x - 15. Let o(y) = -19*y**2 - 11*y - 45. Let d(v) = -4*o(v) + 11*s(v). Calculate d(5).
-10
Let q(x) = 2*x**3 - 2*x**2 - 10*x + 18. Suppose -b - 52 = -4*r - 43, -4*r + 12 = -4*b. Determine q(r).
6
Let c(z) be the second derivative of 5*z**4/12 - 5*z**3/3 - 4*z**2 + 1395*z. What is c(-1)?
7
Let f(u) = 16*u**2 - 45*u - 7. Let j be (2/(-3))/(-3 + ((-264)/(-27) - 7)). Determine f(j).
2
Let t(z) = 2*z - 4. Let i(o) = -17*o + 98. Let a(w) = 4*w. Let c(j) = -4*a(j) + i(j). Let u be c(3). Give t(u).
-6
Suppose 2*h - 4*a - 10 = 0, 0 = 5*h + 5*a - 8 - 17. Suppose 4*b + 26 = h*s, -2*s = 2*s - b - 12. Suppose -s = 5*f + 23. Let x(o) = o**2 + 4*o + 5. What is x(f)?
10
Let a(u) = u**3 + 10*u**2 + 6. Suppose 8*z - 13*z = 5*o - 660, 0 = -5*o - 10. Suppose z = -10*p + 34. What is a(p)?
6
Let t(r) = -16*r**2 - 153*r + 50. Let g be t(-10). Let n(m) = m**3 + 19*m**2 - 17*m + 69. Give n(g).
9
Let u(c) = 18*c + 281*c**3 - 7*c**2 - 9*c**2 + 285*c**3 - 567*c**3 + 3*c**2 + 56. Calculate u(-14).
0
Let j = -93 - -101. Let x(a) = -a - 3 - a - a + j*a**2 - 7*a**2. What is x(3)?
-3
Let c = -65 - -73. Suppose -17*k + c = -13*k. Let s(w) = -10*w**2 - 8 - 7*w**2 + 18*w**k. Give s(0).
-8
Let z = 267 + -266. Let k(v) = -308*v - 10*v**2 + 308*v + z. Determine k(-1).
-9
Let q(s) = -s**3 - 7*s**2 - 5*s + 7. Let b be q(-6). Let d(g) = -1537*g + 50. Let h(i) = -243*i + 8. Let v(y) = -3*d(y) + 19*h(y). Give v(b).
-4
Let f(d) = -24*d + 17. Let x(r) = -3*r + 4. Let s(k) = -f(k) + 4*x(k). What is s(2)?
23
Let w(t) = t**2 + 10*t + 13. Let h be w(-9). Suppose -5*c - 408 = -h*i, 2*c = -2*i - c + 182. Let v(j) = i*j - 2 + 3 - j**2 - 94*j. Determine v(-2).
-9
Let n(y) = -y + 2. Let j(t) = -2*t**2 - 5*t + 12. Let u = 378 + -379. Let v(z) = u*j(z) + 6*n(z). Let c be (1/(-2))/(3/18). What is v(c)?
21
Suppose -676 = 44*q - 40*q. Let w = 167 + q. Let m(u) = -3*u - 2*u + 9*u + 2 - u + 3*u**2. Give m(w).
8
Let a(w) = -w**3 + 4*w - 2. Let q(c) = -2*c**3 - c**2 + 5*c - 1. Let m(b) = -3*a(b) + 2*q(b). Determine m(-3).
19
Let h(l) = l**3 - 7*l**2 + 3*l + 6. Let g be h(0). Let u(x) be the first derivative of 2*x + x**2 - 2*x + 2*x - 2. Give u(g).
14
Let s(f) = -11*f**3 - 3. Let t(m) = -4*m + 82. Let v be t(22). Let d(l) = -5*l**3 - 2. Let j(y) = v*s(y) + 13*d(y). Determine j(0).
-8
Let k(s) be the second derivative of 5/6*s**4 + 0 - 1/20*s**5 - 11/2*s**2 - s**3 + 58*s. Give k(9).
16
Let i(z) = 3*z**2 + 7*z - 2. Let v = -7234 + 7228. What is i(v)?
64
Let l be (-1)/((-6)/9)*-2. Let s(v) = 819*v - 2*v**2 + 3*v**3 + 1 - 4*v**3 - 816*v. Determine s(l).
1
Let m(g) = g**2 - 13*g - 4. Let d be 2*18/(-24) + (5 - (-84)/8). Give m(d).
10
Let a(v) be the first derivative of 163 - 1/4*v**4 + 2*v**3 - 2*v**2 - 8*v. What is a(4)?
8
Let j(h) be the third derivative of h**5/60 - h**4/6 - h**3/3 + 13*h**2. Let m = -96 - -100. Suppose 0 = -w + 3*w - 3*a 